[INFO] cloning repository https://github.com/paulchernoch/shy
[INFO] running `Command { std: "git" "-c" "credential.helper=" "-c" "credential.helper=/workspace/cargo-home/bin/git-credential-null" "clone" "--bare" "https://github.com/paulchernoch/shy" "/workspace/cache/git-repos/https%3A%2F%2Fgithub.com%2Fpaulchernoch%2Fshy", kill_on_drop: false }`
[INFO] [stderr] Cloning into bare repository '/workspace/cache/git-repos/https%3A%2F%2Fgithub.com%2Fpaulchernoch%2Fshy'...
[INFO] running `Command { std: "git" "rev-parse" "HEAD", kill_on_drop: false }`
[INFO] [stdout] c15116386a0a915252a46ef6abf6c99b8d8bb72c
[INFO] checking paulchernoch/shy against try#72f88fc4e9458f89516a0b8b0868f3718aec5b47 for pr-74989
[INFO] running `Command { std: "git" "clone" "/workspace/cache/git-repos/https%3A%2F%2Fgithub.com%2Fpaulchernoch%2Fshy" "/workspace/builds/worker-12/source", kill_on_drop: false }`
[INFO] [stderr] Cloning into '/workspace/builds/worker-12/source'...
[INFO] [stderr] done.
[INFO] validating manifest of git repo https://github.com/paulchernoch/shy on toolchain 72f88fc4e9458f89516a0b8b0868f3718aec5b47
[INFO] running `Command { std: "/workspace/cargo-home/bin/cargo" "+72f88fc4e9458f89516a0b8b0868f3718aec5b47" "read-manifest" "--manifest-path" "Cargo.toml", kill_on_drop: false }`
[INFO] started tweaking git repo https://github.com/paulchernoch/shy
[INFO] finished tweaking git repo https://github.com/paulchernoch/shy
[INFO] tweaked toml for git repo https://github.com/paulchernoch/shy written to /workspace/builds/worker-12/source/Cargo.toml
[INFO] crate git repo https://github.com/paulchernoch/shy already has a lockfile, it will not be regenerated
[INFO] running `Command { std: "/workspace/cargo-home/bin/cargo" "+72f88fc4e9458f89516a0b8b0868f3718aec5b47" "fetch" "--locked" "--manifest-path" "Cargo.toml", kill_on_drop: false }`
[INFO] running `Command { std: "docker" "create" "-v" "/var/lib/crater-agent-workspace/builds/worker-12/target:/opt/rustwide/target:rw,Z" "-v" "/var/lib/crater-agent-workspace/builds/worker-12/source:/opt/rustwide/workdir:ro,Z" "-v" "/var/lib/crater-agent-workspace/cargo-home:/opt/rustwide/cargo-home:ro,Z" "-v" "/var/lib/crater-agent-workspace/rustup-home:/opt/rustwide/rustup-home:ro,Z" "-e" "SOURCE_DIR=/opt/rustwide/workdir" "-e" "CARGO_TARGET_DIR=/opt/rustwide/target" "-e" "CARGO_HOME=/opt/rustwide/cargo-home" "-e" "RUSTUP_HOME=/opt/rustwide/rustup-home" "-w" "/opt/rustwide/workdir" "-m" "1610612736" "--user" "0:0" "--network" "none" "rustops/crates-build-env@sha256:d92eaeed33fa75130ca1ee6c8a01d1ffb62bac859dfdfb3450e3e5d1c0146529" "/opt/rustwide/cargo-home/bin/cargo" "+72f88fc4e9458f89516a0b8b0868f3718aec5b47" "metadata" "--no-deps" "--format-version=1", kill_on_drop: false }`
[INFO] [stderr] WARNING: Your kernel does not support swap limit capabilities or the cgroup is not mounted. Memory limited without swap.
[INFO] [stdout] 483e06ab3b0e881e107898e355aa767e3496640873ba74d3c37467bc0d8b04ca
[INFO] running `Command { std: "docker" "start" "-a" "483e06ab3b0e881e107898e355aa767e3496640873ba74d3c37467bc0d8b04ca", kill_on_drop: false }`
[INFO] running `Command { std: "docker" "inspect" "483e06ab3b0e881e107898e355aa767e3496640873ba74d3c37467bc0d8b04ca", kill_on_drop: false }`
[INFO] running `Command { std: "docker" "rm" "-f" "483e06ab3b0e881e107898e355aa767e3496640873ba74d3c37467bc0d8b04ca", kill_on_drop: false }`
[INFO] [stdout] 483e06ab3b0e881e107898e355aa767e3496640873ba74d3c37467bc0d8b04ca
[INFO] running `Command { std: "docker" "create" "-v" "/var/lib/crater-agent-workspace/builds/worker-12/target:/opt/rustwide/target:rw,Z" "-v" "/var/lib/crater-agent-workspace/builds/worker-12/source:/opt/rustwide/workdir:ro,Z" "-v" "/var/lib/crater-agent-workspace/cargo-home:/opt/rustwide/cargo-home:ro,Z" "-v" "/var/lib/crater-agent-workspace/rustup-home:/opt/rustwide/rustup-home:ro,Z" "-e" "SOURCE_DIR=/opt/rustwide/workdir" "-e" "CARGO_TARGET_DIR=/opt/rustwide/target" "-e" "CARGO_INCREMENTAL=0" "-e" "RUST_BACKTRACE=full" "-e" "RUSTFLAGS=--cap-lints=forbid" "-e" "CARGO_HOME=/opt/rustwide/cargo-home" "-e" "RUSTUP_HOME=/opt/rustwide/rustup-home" "-w" "/opt/rustwide/workdir" "-m" "1610612736" "--user" "0:0" "--network" "none" "rustops/crates-build-env@sha256:d92eaeed33fa75130ca1ee6c8a01d1ffb62bac859dfdfb3450e3e5d1c0146529" "/opt/rustwide/cargo-home/bin/cargo" "+72f88fc4e9458f89516a0b8b0868f3718aec5b47" "check" "--frozen" "--all" "--all-targets" "--message-format=json", kill_on_drop: false }`
[INFO] [stdout] 79af5152ca24d2d91f10448bfab4fd2007a0e60595165dcb0bc6c69b9af7c760
[INFO] [stderr] WARNING: Your kernel does not support swap limit capabilities or the cgroup is not mounted. Memory limited without swap.
[INFO] running `Command { std: "docker" "start" "-a" "79af5152ca24d2d91f10448bfab4fd2007a0e60595165dcb0bc6c69b9af7c760", kill_on_drop: false }`
[INFO] [stderr]    Compiling syn v1.0.5
[INFO] [stderr]    Compiling log v0.4.8
[INFO] [stderr]    Compiling byteorder v1.3.2
[INFO] [stderr]     Checking futures v0.1.29
[INFO] [stderr]    Compiling failure_derive v0.1.6
[INFO] [stderr]    Compiling getrandom v0.1.12
[INFO] [stderr]     Checking rustc-serialize v0.3.24
[INFO] [stderr]     Checking enum_derive v0.1.7
[INFO] [stderr]     Checking custom_derive v0.1.7
[INFO] [stderr]     Checking crossbeam-utils v0.6.6
[INFO] [stderr]    Compiling num-integer v0.1.41
[INFO] [stderr]     Checking thread_local v0.3.6
[INFO] [stderr]     Checking rand_core v0.3.1
[INFO] [stderr]     Checking c2-chacha v0.2.2
[INFO] [stderr]     Checking humantime v1.3.0
[INFO] [stderr]     Checking itertools v0.8.0
[INFO] [stderr]    Compiling proc-macro2 v1.0.5
[INFO] [stderr]    Compiling memchr v2.2.1
[INFO] [stderr]     Checking idna v0.2.0
[INFO] [stderr]     Checking rand_xorshift v0.1.1
[INFO] [stderr]     Checking rand_isaac v0.1.1
[INFO] [stderr]     Checking rand_hc v0.1.0
[INFO] [stderr]     Checking bitflags v1.2.1
[INFO] [stderr]     Checking encoding_rs v0.8.20
[INFO] [stderr]     Checking iovec v0.1.4
[INFO] [stderr]     Checking num_cpus v1.10.1
[INFO] [stderr]     Checking net2 v0.2.33
[INFO] [stderr]     Checking rand_os v0.1.3
[INFO] [stderr]     Checking socket2 v0.3.11
[INFO] [stderr]     Checking hostname v0.1.5
[INFO] [stderr]     Checking signal-hook-registry v1.1.1
[INFO] [stderr]     Checking rand_chacha v0.1.1
[INFO] [stderr]     Checking brotli-sys v0.3.2
[INFO] [stderr]    Compiling aho-corasick v0.7.6
[INFO] [stderr]     Checking regex v1.3.1
[INFO] [stderr]    Compiling syn v0.15.44
[INFO] [stderr]     Checking threadpool v1.7.1
[INFO] [stderr]     Checking flate2 v1.0.12
[INFO] [stderr]     Checking backtrace v0.3.38
[INFO] [stderr]     Checking resolv-conf v0.6.2
[INFO] [stderr]     Checking parking_lot_core v0.6.2
[INFO] [stderr]     Checking brotli2 v0.3.2
[INFO] [stderr]     Checking rand v0.6.5
[INFO] [stderr]     Checking signal-hook v0.1.10
[INFO] [stderr]    Compiling quote v1.0.2
[INFO] [stderr]     Checking rand_core v0.5.1
[INFO] [stderr]     Checking url v2.1.0
[INFO] [stderr]     Checking parking_lot v0.9.0
[INFO] [stderr]     Checking bytes v0.4.12
[INFO] [stderr]     Checking base64 v0.10.1
[INFO] [stderr]     Checking chrono v0.4.9
[INFO] [stderr]     Checking num-iter v0.1.39
[INFO] [stderr]     Checking rand_chacha v0.2.1
[INFO] [stderr]     Checking tokio-executor v0.1.8
[INFO] [stderr]     Checking tokio-sync v0.1.7
[INFO] [stderr]     Checking actix-service v0.4.2
[INFO] [stderr]     Checking rand v0.7.2
[INFO] [stderr]     Checking http v0.1.18
[INFO] [stderr]     Checking string v0.2.1
[INFO] [stderr]     Checking tokio-timer v0.2.11
[INFO] [stderr]     Checking tokio-current-thread v0.1.6
[INFO] [stderr]     Checking num-bigint v0.1.44
[INFO] [stderr]     Checking num-complex v0.1.43
[INFO] [stderr]     Checking num-rational v0.1.42
[INFO] [stderr]     Checking num v0.1.42
[INFO] [stderr]     Checking spectral v0.6.0
[INFO] [stderr]    Compiling derive_more v0.15.0
[INFO] [stderr]    Compiling enum-as-inner v0.2.1
[INFO] [stderr]    Compiling synstructure v0.12.1
[INFO] [stderr]    Compiling serde_derive v1.0.101
[INFO] [stderr]    Compiling actix-web-codegen v0.1.3
[INFO] [stderr]     Checking failure v0.1.6
[INFO] [stderr]     Checking serde v1.0.101
[INFO] [stderr]     Checking serde_urlencoded v0.6.1
[INFO] [stderr]     Checking serde_json v1.0.41
[INFO] [stderr]     Checking tokio-io v0.1.12
[INFO] [stderr]     Checking mio v0.6.19
[INFO] [stderr]     Checking actix-threadpool v0.1.2
[INFO] [stderr]     Checking actix-router v0.1.5
[INFO] [stderr]     Checking env_logger v0.7.1
[INFO] [stderr]     Checking tokio-codec v0.1.1
[INFO] [stderr]     Checking h2 v0.1.26
[INFO] [stderr]     Checking tokio-reactor v0.1.10
[INFO] [stderr]     Checking mio-uds v0.6.7
[INFO] [stderr]     Checking actix-codec v0.1.2
[INFO] [stderr]     Checking tokio-tcp v0.1.3
[INFO] [stderr]     Checking tokio-udp v0.1.5
[INFO] [stderr]     Checking actix-rt v0.2.5
[INFO] [stderr]     Checking tokio-signal v0.2.7
[INFO] [stderr]     Checking actix-utils v0.4.7
[INFO] [stderr]     Checking actix-server-config v0.1.2
[INFO] [stderr]     Checking trust-dns-proto v0.7.4
[INFO] [stderr]     Checking actix-server v0.6.1
[INFO] [stderr]     Checking actix-testing v0.1.0
[INFO] [stderr]     Checking trust-dns-resolver v0.11.1
[INFO] [stderr]     Checking actix-connect v0.2.5
[INFO] [stderr]     Checking actix-http v0.2.10
[INFO] [stderr]     Checking awc v0.2.7
[INFO] [stderr]     Checking actix-web v1.0.8
[INFO] [stderr]     Checking shy v0.1.0 (/opt/rustwide/workdir)
[INFO] [stdout] warning: unnecessary braces around block return value
[INFO] [stdout]    --> src/parser/execution_context.rs:263:21
[INFO] [stdout]     |
[INFO] [stdout] 263 | ... { { if let ShyValue::Scalar(result) = ShyValue::add(&ShyValue::Scalar(a.clone()), &ShyValue::Scalar(b.clone())) { return result; } }
[INFO] [stdout]     |       ^^^^^^^^^^^^^^^^^^^^^^^^^^^^^^^^^^^^^^^^^^^^^^^^^^^^^^^^^^^^^^^^^^^^^^^^^^^^^^^^^^^^^^^^^^^^^^^^^^^^^^^^^^^^^^^^^^^^^^^^^^^^^^^^^^ help: remove these braces
[INFO] [stdout]     |
[INFO] [stdout]     = note: `#[warn(unused_braces)]` on by default
[INFO] [stdout] 
[INFO] [stdout] 
[INFO] [stdout] warning: unnecessary braces around block return value
[INFO] [stdout]    --> src/parser/execution_context.rs:266:21
[INFO] [stdout]     |
[INFO] [stdout] 266 | ... { { if let ShyValue::Scalar(result) = ShyValue::multiply(&ShyValue::Scalar(a.clone()), &ShyValue::Scalar(b.clone())) { return result; } }
[INFO] [stdout]     |       ^^^^^^^^^^^^^^^^^^^^^^^^^^^^^^^^^^^^^^^^^^^^^^^^^^^^^^^^^^^^^^^^^^^^^^^^^^^^^^^^^^^^^^^^^^^^^^^^^^^^^^^^^^^^^^^^^^^^^^^^^^^^^^^^^^^^^^^ help: remove these braces
[INFO] [stdout] 
[INFO] [stdout] 
[INFO] [stdout] warning: unnecessary braces around block return value
[INFO] [stdout]    --> src/parser/execution_context.rs:263:21
[INFO] [stdout]     |
[INFO] [stdout] 263 | ... { { if let ShyValue::Scalar(result) = ShyValue::add(&ShyValue::Scalar(a.clone()), &ShyValue::Scalar(b.clone())) { return result; } }
[INFO] [stdout]     |       ^^^^^^^^^^^^^^^^^^^^^^^^^^^^^^^^^^^^^^^^^^^^^^^^^^^^^^^^^^^^^^^^^^^^^^^^^^^^^^^^^^^^^^^^^^^^^^^^^^^^^^^^^^^^^^^^^^^^^^^^^^^^^^^^^^ help: remove these braces
[INFO] [stdout]     |
[INFO] [stdout]     = note: `#[warn(unused_braces)]` on by default
[INFO] [stdout] 
[INFO] [stdout] 
[INFO] [stdout] warning: unnecessary braces around block return value
[INFO] [stdout]    --> src/parser/execution_context.rs:266:21
[INFO] [stdout]     |
[INFO] [stdout] 266 | ... { { if let ShyValue::Scalar(result) = ShyValue::multiply(&ShyValue::Scalar(a.clone()), &ShyValue::Scalar(b.clone())) { return result; } }
[INFO] [stdout]     |       ^^^^^^^^^^^^^^^^^^^^^^^^^^^^^^^^^^^^^^^^^^^^^^^^^^^^^^^^^^^^^^^^^^^^^^^^^^^^^^^^^^^^^^^^^^^^^^^^^^^^^^^^^^^^^^^^^^^^^^^^^^^^^^^^^^^^^^^ help: remove these braces
[INFO] [stdout] 
[INFO] [stdout] 
[INFO] [stdout] error[E0759]: `self` has an anonymous lifetime `'_` but it needs to satisfy a `'static` lifetime requirement
[INFO] [stdout]   --> src/parser/shy_object.rs:46:26
[INFO] [stdout]    |
[INFO] [stdout] 45 |     pub fn as_deref(&self) -> impl Deref<Target = dyn ShyAssociation + Send + Sync> {
[INFO] [stdout]    |                     ----- this data with an anonymous lifetime `'_`...
[INFO] [stdout] 46 |         self.association.read().unwrap()
[INFO] [stdout]    |         ---------------- ^^^^
[INFO] [stdout]    |         |
[INFO] [stdout]    |         ...is captured here...
[INFO] [stdout]    |
[INFO] [stdout] note: ...and is required to live as long as `'static` here
[INFO] [stdout]   --> src/parser/shy_object.rs:45:31
[INFO] [stdout]    |
[INFO] [stdout] 45 |     pub fn as_deref(&self) -> impl Deref<Target = dyn ShyAssociation + Send + Sync> {
[INFO] [stdout]    |                               ^^^^^^^^^^^^^^^^^^^^^^^^^^^^^^^^^^^^^^^^^^^^^^^^^^^^^
[INFO] [stdout] help: to declare that the `impl Trait` captures data from argument `self`, you can add an explicit `'_` lifetime bound
[INFO] [stdout]    |
[INFO] [stdout] 45 |     pub fn as_deref(&self) -> impl Deref<Target = dyn ShyAssociation + Send + Sync> + '_ {
[INFO] [stdout]    |                                                                                     ^^^^
[INFO] [stdout] help: to declare that the trait object captures data from argument `self`, you can add an explicit `'_` lifetime bound
[INFO] [stdout]    |
[INFO] [stdout] 45 |     pub fn as_deref(&self) -> impl Deref<Target = dyn ShyAssociation + Send + Sync + '_> {
[INFO] [stdout]    |                                                                                    ^^^^
[INFO] [stdout] 
[INFO] [stdout] 
[INFO] [stdout] error[E0759]: `self` has an anonymous lifetime `'_` but it needs to satisfy a `'static` lifetime requirement
[INFO] [stdout]   --> src/parser/shy_object.rs:50:26
[INFO] [stdout]    |
[INFO] [stdout] 49 |     pub fn as_deref_mut(&self) -> impl DerefMut<Target = dyn ShyAssociation + Send + Sync> {
[INFO] [stdout]    |                         ----- this data with an anonymous lifetime `'_`...
[INFO] [stdout] 50 |         self.association.write().unwrap()
[INFO] [stdout]    |         ---------------- ^^^^^
[INFO] [stdout]    |         |
[INFO] [stdout]    |         ...is captured here...
[INFO] [stdout]    |
[INFO] [stdout] note: ...and is required to live as long as `'static` here
[INFO] [stdout]   --> src/parser/shy_object.rs:49:35
[INFO] [stdout]    |
[INFO] [stdout] 49 |     pub fn as_deref_mut(&self) -> impl DerefMut<Target = dyn ShyAssociation + Send + Sync> {
[INFO] [stdout]    |                                   ^^^^^^^^^^^^^^^^^^^^^^^^^^^^^^^^^^^^^^^^^^^^^^^^^^^^^^^^
[INFO] [stdout] help: to declare that the `impl Trait` captures data from argument `self`, you can add an explicit `'_` lifetime bound
[INFO] [stdout]    |
[INFO] [stdout] 49 |     pub fn as_deref_mut(&self) -> impl DerefMut<Target = dyn ShyAssociation + Send + Sync> + '_ {
[INFO] [stdout]    |                                                                                            ^^^^
[INFO] [stdout] help: to declare that the trait object captures data from argument `self`, you can add an explicit `'_` lifetime bound
[INFO] [stdout]    |
[INFO] [stdout] 49 |     pub fn as_deref_mut(&self) -> impl DerefMut<Target = dyn ShyAssociation + Send + Sync + '_> {
[INFO] [stdout]    |                                                                                           ^^^^
[INFO] [stdout] 
[INFO] [stdout] 
[INFO] [stdout] error[E0759]: `self` has an anonymous lifetime `'_` but it needs to satisfy a `'static` lifetime requirement
[INFO] [stdout]   --> src/parser/shy_object.rs:46:26
[INFO] [stdout]    |
[INFO] [stdout] 45 |     pub fn as_deref(&self) -> impl Deref<Target = dyn ShyAssociation + Send + Sync> {
[INFO] [stdout]    |                     ----- this data with an anonymous lifetime `'_`...
[INFO] [stdout] 46 |         self.association.read().unwrap()
[INFO] [stdout]    |         ---------------- ^^^^
[INFO] [stdout]    |         |
[INFO] [stdout]    |         ...is captured here...
[INFO] [stdout]    |
[INFO] [stdout] note: ...and is required to live as long as `'static` here
[INFO] [stdout]   --> src/parser/shy_object.rs:45:31
[INFO] [stdout]    |
[INFO] [stdout] 45 |     pub fn as_deref(&self) -> impl Deref<Target = dyn ShyAssociation + Send + Sync> {
[INFO] [stdout]    |                               ^^^^^^^^^^^^^^^^^^^^^^^^^^^^^^^^^^^^^^^^^^^^^^^^^^^^^
[INFO] [stdout] help: to declare that the `impl Trait` captures data from argument `self`, you can add an explicit `'_` lifetime bound
[INFO] [stdout]    |
[INFO] [stdout] 45 |     pub fn as_deref(&self) -> impl Deref<Target = dyn ShyAssociation + Send + Sync> + '_ {
[INFO] [stdout]    |                                                                                     ^^^^
[INFO] [stdout] help: to declare that the trait object captures data from argument `self`, you can add an explicit `'_` lifetime bound
[INFO] [stdout]    |
[INFO] [stdout] 45 |     pub fn as_deref(&self) -> impl Deref<Target = dyn ShyAssociation + Send + Sync + '_> {
[INFO] [stdout]    |                                                                                    ^^^^
[INFO] [stdout] 
[INFO] [stdout] 
[INFO] [stdout] error[E0759]: `self` has an anonymous lifetime `'_` but it needs to satisfy a `'static` lifetime requirement
[INFO] [stdout]   --> src/parser/shy_object.rs:50:26
[INFO] [stdout]    |
[INFO] [stdout] 49 |     pub fn as_deref_mut(&self) -> impl DerefMut<Target = dyn ShyAssociation + Send + Sync> {
[INFO] [stdout]    |                         ----- this data with an anonymous lifetime `'_`...
[INFO] [stdout] 50 |         self.association.write().unwrap()
[INFO] [stdout]    |         ---------------- ^^^^^
[INFO] [stdout]    |         |
[INFO] [stdout]    |         ...is captured here...
[INFO] [stdout]    |
[INFO] [stdout] note: ...and is required to live as long as `'static` here
[INFO] [stdout]   --> src/parser/shy_object.rs:49:35
[INFO] [stdout]    |
[INFO] [stdout] 49 |     pub fn as_deref_mut(&self) -> impl DerefMut<Target = dyn ShyAssociation + Send + Sync> {
[INFO] [stdout]    |                                   ^^^^^^^^^^^^^^^^^^^^^^^^^^^^^^^^^^^^^^^^^^^^^^^^^^^^^^^^
[INFO] [stdout] help: to declare that the `impl Trait` captures data from argument `self`, you can add an explicit `'_` lifetime bound
[INFO] [stdout]    |
[INFO] [stdout] 49 |     pub fn as_deref_mut(&self) -> impl DerefMut<Target = dyn ShyAssociation + Send + Sync> + '_ {
[INFO] [stdout]    |                                                                                            ^^^^
[INFO] [stdout] help: to declare that the trait object captures data from argument `self`, you can add an explicit `'_` lifetime bound
[INFO] [stdout]    |
[INFO] [stdout] 49 |     pub fn as_deref_mut(&self) -> impl DerefMut<Target = dyn ShyAssociation + Send + Sync + '_> {
[INFO] [stdout]    |                                                                                           ^^^^
[INFO] [stdout] 
[INFO] [stdout] 
[INFO] [stdout] error: aborting due to 2 previous errors; 2 warnings emitted
[INFO] [stdout] 
[INFO] [stdout] 
[INFO] [stdout] For more information about this error, try `rustc --explain E0759`.
[INFO] [stdout] 
[INFO] [stderr] error: could not compile `shy`.
[INFO] [stderr] 
[INFO] [stderr] To learn more, run the command again with --verbose.
[INFO] [stderr] warning: build failed, waiting for other jobs to finish...
[INFO] [stdout] error: aborting due to 2 previous errors; 2 warnings emitted
[INFO] [stdout] 
[INFO] [stdout] 
[INFO] [stdout] For more information about this error, try `rustc --explain E0759`.
[INFO] [stdout] 
[INFO] [stderr] error: build failed
[INFO] running `Command { std: "docker" "inspect" "79af5152ca24d2d91f10448bfab4fd2007a0e60595165dcb0bc6c69b9af7c760", kill_on_drop: false }`
[INFO] running `Command { std: "docker" "rm" "-f" "79af5152ca24d2d91f10448bfab4fd2007a0e60595165dcb0bc6c69b9af7c760", kill_on_drop: false }`
[INFO] [stdout] 79af5152ca24d2d91f10448bfab4fd2007a0e60595165dcb0bc6c69b9af7c760
